{"id":21,"date":"2019-02-25T21:23:11","date_gmt":"2019-02-25T21:23:11","guid":{"rendered":"http:\/\/kellenhusen-botha.de\/?page_id=21"},"modified":"2020-01-26T16:43:50","modified_gmt":"2020-01-26T16:43:50","slug":"preise","status":"publish","type":"page","link":"http:\/\/xn--vogelfreunde-bersenbrck-wpc.de\/?page_id=21","title":{"rendered":"Der Verein"},"content":{"rendered":"\n<p class=\"has-text-align-left\"><strong><em>Gr\u00fcndung und Struktur<\/em><\/strong><\/p>\n\n\n\n<p>Am 15. Dezember 1983 trafen sich 11 Vogelfreunde in der damaligen Gastst\u00e4tte &#8222;Feldm\u00fchle&#8220; in Bersenbr\u00fcck, um einen Vogelliebhaberverein zu gr\u00fcnden. Dies waren die Vogelfreunde Manfred Schr\u00f6der, Wilhelm Wieke, Ralf Schuckmann, Peter Elschen, Karl-Heinz Herrgott, alle aus Bersenbr\u00fcck, Heiner Macke, J\u00fcrgen We\u00dfling und Hermann Wellbrock jun. aus Alfhausen, Werner Ahling, Ankum, Ulrich Vossenk\u00e4mper, Kettenkamp und Heinz W\u00fcbbold, Essen.<\/p>\n\n\n\n<p>Es wurde beschlossen sich einem Verband anzuschlie\u00dfen, und so wurde der Verein, der den Namen <strong>&#8222;Vogelfreunde Bersenbr\u00fcck und Umgebung&#8220;<\/strong> bekam, als 24. DKB-Ortsgruppe Mitglied des DKB-Landesverbandes 21 &#8222;Nordsee e. V.&#8220;, dieser wiederum ist Mitglied des <strong>Deutschen-Kanarienz\u00fcchter-Bundes e. V. (DKB)<\/strong>. Den ersten gew\u00e4hlten Vorstand des Vereins bildeten Manfred Schr\u00f6der, 1. Vorsitzender, Heinz W\u00fcbbold, 2. Vorsitzender, Heiner Macke, Kassen- und Ringwart, und Werner Ahling, Schriftf\u00fchrer. Die aktuelle Vereinsf\u00fchrung ist unter &#8222;Vorstand&#8220; einzusehen.<\/p>\n\n\n\n<p><strong><em>Ziele und Aufgaben<\/em><\/strong><\/p>\n\n\n\n<p>Zweck des Vereins ist die Zucht, Pflege und F\u00f6rderung aller Vogelrassen auf ideeller und gemeinn\u00fctziger Grundlage, ebenso die Betreuung heimischer Vogelarten durch Anbringen von Nisthilfen &#8211; es werden z. Zt. 85 Stck. H\u00f6hlen- und Halbh\u00f6hlenbr\u00fcter-Nistk\u00e4sten in den Bersenbr\u00fccker Waldgebieten &#8222;Hemke&#8220; sowie &#8222;Freude&#8220; vom Verein betreut, das hei\u00dft ges\u00e4ubert erg\u00e4nzt und dokumentiert. Es findet an jedem zweiten Donnerstag im Monat um 20 Uhr im Vereinslokal &#8222;Hotel Hilker&#8220; in Bersenbr\u00fcck eine Mitgliederversammlung statt, bei der das notwendige Fachwissen durch Erfahrungsaustausch und Vortr\u00e4ge vermittel wird. Bei einer j\u00e4hrlich , und zwar im Oktober eines jeden Jahres,  durchgef\u00fchrten Vogelschau in Form einer Nachbarschaftsvergleichsschau (Vogelschau zu der auch die Z\u00fcchter der Nachbarvereine eingeladen sind) und seit 2006 auch Offenen Stadtmeisterschaft, so das jeder organisierte Z\u00fcchter ausstellen kann, werden nur selbst gez\u00fcchtete V\u00f6gel von geschulten Zuchtrichtern bewertet und pr\u00e4miert und  begleitet von einem umfangreichen Zusatzprogramm wie Tombola, Vogelb\u00f6rse, Rahmenschau mit V\u00f6geln in naturnah dekorierten Volieren, Falkner, Kaffee und selbstgebackener Kuchen und musikalischem Rahmenprogramm dem breiten Publikum seit 2010 in der &#8222;G\u00e4rtnerei vor dem Berge&#8220; in Rieste vorgestellt. Sinn dieser Veranstaltung ist es, in unserem hochtechnisierten Computerzeitalter allen Menschen die Sch\u00f6nheit der Natur, speziell der gefiederten S\u00e4nger und bunten Flugk\u00fcnstler nahe zu bringen. Doch auch die Gem\u00fctlichkeit und das gesellige Beisammensein ist im Verein gegeben. Maigang, Familientag bzw. fahrt, Schaukommers, Zoobesuche, Fahrt zur Vogelb\u00f6rse in Zwolle\/NL o. \u00e4. sind Bestandteil des Vereinslebens.<\/p>\n\n\n\n<p><strong><em>Vereinsbeitritt<\/em><\/strong><\/p>\n\n\n\n<p>Mitglied des Vereins werden kann jeder Vogelliebhaber, der die Interessen des Vereins in der \u00d6ffentlichkeit vertritt. Der Vereinsbeitrag betr\u00e4gt z. Zt. lediglich 6,- \u20ac im Jahr, in Kombination mit der DKB-Mitgliedschaft 50,- \u20ac j\u00e4hrlich! Weitere Informationen sind beim Vorstand des Vereins zu erhalten.<\/p>\n\n\n\n<div class=\"wp-block-file\"><a href=\"http:\/\/xn--vogelfreunde-bersenbrck-wpc.de\/wp-content\/uploads\/2020\/01\/Muster-Beitrittserkl\u00e4rung-Verein-SEPA-Lastschriftmandat.doc\">Muster-Beitrittserkl\u00e4rung-Verein-SEPA-Lastschriftmandat<\/a><a href=\"http:\/\/xn--vogelfreunde-bersenbrck-wpc.de\/wp-content\/uploads\/2020\/01\/Muster-Beitrittserkl\u00e4rung-Verein-SEPA-Lastschriftmandat.doc\" class=\"wp-block-file__button\" download>Herunterladen<\/a><\/div>\n\n\n\n<p><\/p>\n","protected":false},"excerpt":{"rendered":"<p>Gr\u00fcndung und Struktur Am 15. Dezember 1983 trafen sich 11 Vogelfreunde in der damaligen Gastst\u00e4tte &#8222;Feldm\u00fchle&#8220; in Bersenbr\u00fcck, um einen Vogelliebhaberverein zu gr\u00fcnden. Dies waren die Vogelfreunde Manfred Schr\u00f6der, Wilhelm Wieke, Ralf Schuckmann, Peter Elschen, Karl-Heinz Herrgott, alle aus Bersenbr\u00fcck, Heiner Macke, J\u00fcrgen We\u00dfling und Hermann Wellbrock jun. aus Alfhausen, Werner Ahling, Ankum, Ulrich Vossenk\u00e4mper, &hellip; <\/p>\n<p class=\"link-more\"><a href=\"http:\/\/xn--vogelfreunde-bersenbrck-wpc.de\/?page_id=21\" class=\"more-link\"><span class=\"screen-reader-text\">\u201eDer Verein\u201c <\/span>weiterlesen<\/a><\/p>\n","protected":false},"author":1,"featured_media":0,"parent":0,"menu_order":0,"comment_status":"closed","ping_status":"closed","template":"","meta":{"_mc_calendar":[],"footnotes":""},"class_list":["post-21","page","type-page","status-publish","hentry"],"_links":{"self":[{"href":"http:\/\/xn--vogelfreunde-bersenbrck-wpc.de\/index.php?rest_route=\/wp\/v2\/pages\/21","targetHints":{"allow":["GET"]}}],"collection":[{"href":"http:\/\/xn--vogelfreunde-bersenbrck-wpc.de\/index.php?rest_route=\/wp\/v2\/pages"}],"about":[{"href":"http:\/\/xn--vogelfreunde-bersenbrck-wpc.de\/index.php?rest_route=\/wp\/v2\/types\/page"}],"author":[{"embeddable":true,"href":"http:\/\/xn--vogelfreunde-bersenbrck-wpc.de\/index.php?rest_route=\/wp\/v2\/users\/1"}],"replies":[{"embeddable":true,"href":"http:\/\/xn--vogelfreunde-bersenbrck-wpc.de\/index.php?rest_route=%2Fwp%2Fv2%2Fcomments&post=21"}],"version-history":[{"count":7,"href":"http:\/\/xn--vogelfreunde-bersenbrck-wpc.de\/index.php?rest_route=\/wp\/v2\/pages\/21\/revisions"}],"predecessor-version":[{"id":638,"href":"http:\/\/xn--vogelfreunde-bersenbrck-wpc.de\/index.php?rest_route=\/wp\/v2\/pages\/21\/revisions\/638"}],"wp:attachment":[{"href":"http:\/\/xn--vogelfreunde-bersenbrck-wpc.de\/index.php?rest_route=%2Fwp%2Fv2%2Fmedia&parent=21"}],"curies":[{"name":"wp","href":"https:\/\/api.w.org\/{rel}","templated":true}]}}